{"id":2164,"date":"2020-07-09T18:24:21","date_gmt":"2020-07-09T22:24:21","guid":{"rendered":"https:\/\/gadrosaflorida.gob.ec\/sucumbios\/?page_id=2164"},"modified":"2024-07-08T12:13:59","modified_gmt":"2024-07-08T16:13:59","slug":"proyectos","status":"publish","type":"page","link":"https:\/\/gadrosaflorida.gob.ec\/sucumbios\/sitio-oficial-del-gad-parroquial-de-rosa-florida-en-sucumbios\/proyectos\/","title":{"rendered":"Proyectos"},"content":{"rendered":"<h2>PROYECTOS 2024<\/h2>\n<div class=\"_df_thumb \" id=\"df_122207\"  _slug=\"proyecto-productivo\" data-title=\"proyecto-productivo\" wpoptions=\"true\" thumb=\"https:\/\/gadrosaflorida.gob.ec\/sucumbios\/wp-content\/uploads\/2024\/07\/PROYECTO-PRODUCTIVO.png\" thumbtype=\"\" >PROYECTO PRODUCTIVO<\/div><script class=\"df-shortcode-script\" nowprocket type=\"application\/javascript\">window.option_df_122207 = {\"outline\":[],\"autoEnableOutline\":\"false\",\"autoEnableThumbnail\":\"false\",\"overwritePDFOutline\":\"false\",\"direction\":\"1\",\"pageSize\":\"0\",\"source\":\"https:\\\/\\\/gadrosaflorida.gob.ec\\\/sucumbios\\\/wp-content\\\/uploads\\\/2024\\\/07\\\/PROYECTO-PRODUCTIVO.pdf\",\"wpOptions\":\"true\"}; if(window.DFLIP && window.DFLIP.parseBooks){window.DFLIP.parseBooks();}<\/script><div class=\"_df_thumb \" id=\"df_122212\"  _slug=\"proyecto-de-inversion\" data-title=\"proyecto-de-inversion\" wpoptions=\"true\" thumb=\"https:\/\/gadrosaflorida.gob.ec\/sucumbios\/wp-content\/uploads\/2024\/07\/PROYECTO-DE-INVERSION.png\" thumbtype=\"\" >PROYECTO DE INVERSION<\/div><script class=\"df-shortcode-script\" nowprocket type=\"application\/javascript\">window.option_df_122212 = {\"outline\":[],\"autoEnableOutline\":\"false\",\"autoEnableThumbnail\":\"false\",\"overwritePDFOutline\":\"false\",\"direction\":\"1\",\"pageSize\":\"0\",\"source\":\"https:\\\/\\\/gadrosaflorida.gob.ec\\\/sucumbios\\\/wp-content\\\/uploads\\\/2024\\\/07\\\/PROYECTO-DE-INVERSION.pdf\",\"wpOptions\":\"true\"}; if(window.DFLIP && window.DFLIP.parseBooks){window.DFLIP.parseBooks();}<\/script><div class=\"_df_thumb \" id=\"df_122219\"  _slug=\"conmemoraciones-tradicionales-y-ancestrales\" data-title=\"conmemoraciones-tradicionales-y-ancestrales\" wpoptions=\"true\" thumb=\"https:\/\/gadrosaflorida.gob.ec\/sucumbios\/wp-content\/uploads\/2024\/07\/CONMEMORACIONES-TRADICIONALES-Y-ANCESTRALES.png\" thumbtype=\"\" >CONMEMORACIONES TRADICIONALES Y ANCESTRALES<\/div><script class=\"df-shortcode-script\" nowprocket type=\"application\/javascript\">window.option_df_122219 = {\"outline\":[],\"autoEnableOutline\":\"false\",\"autoEnableThumbnail\":\"false\",\"overwritePDFOutline\":\"false\",\"direction\":\"1\",\"pageSize\":\"0\",\"source\":\"https:\\\/\\\/gadrosaflorida.gob.ec\\\/sucumbios\\\/wp-content\\\/uploads\\\/2024\\\/07\\\/CONMEMORACIONES-TRADICIONALES-Y-ANCESTRALES.pdf\",\"wpOptions\":\"true\"}; if(window.DFLIP && window.DFLIP.parseBooks){window.DFLIP.parseBooks();}<\/script>\t\t<\/p>\n<h2>PROYECTO 2023<\/h2>\n<div class=\"_df_thumb \" id=\"df_122143\"  _slug=\"atencion-a-grupos-proritarios-y-vulnerables\" data-title=\"atencion-a-grupos-proritarios-y-vulnerables\" wpoptions=\"true\" thumb=\"https:\/\/gadrosaflorida.gob.ec\/sucumbios\/wp-content\/uploads\/2024\/07\/ATENCION-A-GRUPOS-PRORITARIOS-Y-VULNERABLES-0001.png\" thumbtype=\"\" >ATENCION A GRUPOS PRORITARIOS Y VULNERABLES<\/div><script class=\"df-shortcode-script\" nowprocket type=\"application\/javascript\">window.option_df_122143 = {\"outline\":[],\"autoEnableOutline\":\"false\",\"autoEnableThumbnail\":\"false\",\"overwritePDFOutline\":\"false\",\"direction\":\"1\",\"pageSize\":\"0\",\"source\":\"https:\\\/\\\/gadrosaflorida.gob.ec\\\/sucumbios\\\/wp-content\\\/uploads\\\/2024\\\/07\\\/ATENCION-A-GRUPOS-PRORITARIOS-Y-VULNERABLES.pdf\",\"wpOptions\":\"true\"}; if(window.DFLIP && window.DFLIP.parseBooks){window.DFLIP.parseBooks();}<\/script><div class=\"_df_thumb \" id=\"df_122151\"  _slug=\"chanchos-en-convenio-con-el-gadm-sucumbios\" data-title=\"chanchos-en-convenio-con-el-gadm-sucumbios\" wpoptions=\"true\" thumb=\"https:\/\/gadrosaflorida.gob.ec\/sucumbios\/wp-content\/uploads\/2024\/07\/CHANCHOS-EN-CONVENIO-CON-EL-GADM-SUCUMBIOS.png\" thumbtype=\"\" >CHANCHOS EN CONVENIO CON EL GADM SUCUMBIOS<\/div><script class=\"df-shortcode-script\" nowprocket type=\"application\/javascript\">window.option_df_122151 = {\"outline\":[],\"autoEnableOutline\":\"false\",\"autoEnableThumbnail\":\"false\",\"overwritePDFOutline\":\"false\",\"direction\":\"1\",\"pageSize\":\"0\",\"source\":\"https:\\\/\\\/gadrosaflorida.gob.ec\\\/sucumbios\\\/wp-content\\\/uploads\\\/2024\\\/07\\\/CHANCHOS-EN-CONVENIO-CON-EL-GADM-SUCUMBIOS.pdf\",\"wpOptions\":\"true\"}; if(window.DFLIP && window.DFLIP.parseBooks){window.DFLIP.parseBooks();}<\/script><div class=\"_df_thumb \" id=\"df_122156\"  _slug=\"fiestas-rosa-florida\" data-title=\"fiestas-rosa-florida\" wpoptions=\"true\" thumb=\"https:\/\/gadrosaflorida.gob.ec\/sucumbios\/wp-content\/uploads\/2024\/07\/FIESTAS-ROSA-FLORIDA.png\" thumbtype=\"\" >FIESTAS ROSA FLORIDA<\/div><script class=\"df-shortcode-script\" nowprocket type=\"application\/javascript\">window.option_df_122156 = {\"outline\":[],\"autoEnableOutline\":\"false\",\"autoEnableThumbnail\":\"false\",\"overwritePDFOutline\":\"false\",\"direction\":\"1\",\"pageSize\":\"0\",\"source\":\"https:\\\/\\\/gadrosaflorida.gob.ec\\\/sucumbios\\\/wp-content\\\/uploads\\\/2024\\\/07\\\/FIESTAS-ROSA-FLORIDA.pdf\",\"wpOptions\":\"true\"}; if(window.DFLIP && window.DFLIP.parseBooks){window.DFLIP.parseBooks();}<\/script><div class=\"_df_thumb \" id=\"df_122161\"  _slug=\"tuberia-chatarra-2023\" data-title=\"tuberia-chatarra-2023\" wpoptions=\"true\" thumb=\"https:\/\/gadrosaflorida.gob.ec\/sucumbios\/wp-content\/uploads\/2024\/07\/PROYECTO-TUBERIA-CHATARRA-2023.png\" thumbtype=\"\" >TUBERIA CHATARRA 2023<\/div><script class=\"df-shortcode-script\" nowprocket type=\"application\/javascript\">window.option_df_122161 = {\"outline\":[],\"autoEnableOutline\":\"false\",\"autoEnableThumbnail\":\"false\",\"overwritePDFOutline\":\"false\",\"direction\":\"1\",\"pageSize\":\"0\",\"source\":\"https:\\\/\\\/gadrosaflorida.gob.ec\\\/sucumbios\\\/wp-content\\\/uploads\\\/2024\\\/07\\\/PROYECTO-TUBERIA-CHATARRA-2023.pdf\",\"wpOptions\":\"true\"}; if(window.DFLIP && window.DFLIP.parseBooks){window.DFLIP.parseBooks();}<\/script>\t\t<\/p>\n<h2>PROYECTOS 2022<\/h2>\n<div class=\"_df_thumb \" id=\"df_122069\"  _slug=\"proyecto-de-tuberia-chatarra\" data-title=\"proyecto-de-tuberia-chatarra\" wpoptions=\"true\" thumb=\"https:\/\/gadrosaflorida.gob.ec\/sucumbios\/wp-content\/uploads\/2022\/03\/Sin-titulo.jpg\" thumbtype=\"\" height=\"500px\" >PROYECTO DE TUBERIA CHATARRA<\/div><script class=\"df-shortcode-script\" nowprocket type=\"application\/javascript\">window.option_df_122069 = {\"outline\":[],\"autoEnableOutline\":\"false\",\"autoEnableThumbnail\":\"false\",\"overwritePDFOutline\":\"false\",\"direction\":\"1\",\"pageSize\":\"0\",\"maxTextureSize\":\"1800\",\"source\":\"https:\\\/\\\/gadrosaflorida.gob.ec\\\/sucumbios\\\/wp-content\\\/uploads\\\/2024\\\/07\\\/PROYECTO-TUBERIA-ROSA-FLORIDA-2022.pdf\",\"wpOptions\":\"true\"}; if(window.DFLIP && window.DFLIP.parseBooks){window.DFLIP.parseBooks();}<\/script><div class=\"_df_thumb \" id=\"df_122166\"  _slug=\"proyecto-multipropositos-volquete\" data-title=\"proyecto-multipropositos-volquete\" wpoptions=\"true\" thumb=\"https:\/\/gadrosaflorida.gob.ec\/sucumbios\/wp-content\/uploads\/2024\/07\/PROYECTO-MULTIPROPOSITOS-VOLQUETE.png\" thumbtype=\"\" >PROYECTO MULTIPROPOSITOS VOLQUETE<\/div><script class=\"df-shortcode-script\" nowprocket type=\"application\/javascript\">window.option_df_122166 = {\"outline\":[],\"autoEnableOutline\":\"false\",\"autoEnableThumbnail\":\"false\",\"overwritePDFOutline\":\"false\",\"direction\":\"1\",\"pageSize\":\"0\",\"source\":\"https:\\\/\\\/gadrosaflorida.gob.ec\\\/sucumbios\\\/wp-content\\\/uploads\\\/2024\\\/07\\\/PROYECTO-MULTIPROPOSITOS-VOLQUETE.pdf\",\"wpOptions\":\"true\"}; if(window.DFLIP && window.DFLIP.parseBooks){window.DFLIP.parseBooks();}<\/script><div class=\"_df_thumb \" id=\"df_122171\"  _slug=\"mejoramiento-genetico\" data-title=\"mejoramiento-genetico\" wpoptions=\"true\" thumb=\"https:\/\/gadrosaflorida.gob.ec\/sucumbios\/wp-content\/uploads\/2024\/07\/MEJORAMIENTO-GENETICO.png\" thumbtype=\"\" >MEJORAMIENTO GENETICO<\/div><script class=\"df-shortcode-script\" nowprocket type=\"application\/javascript\">window.option_df_122171 = {\"outline\":[],\"autoEnableOutline\":\"false\",\"autoEnableThumbnail\":\"false\",\"overwritePDFOutline\":\"false\",\"direction\":\"1\",\"pageSize\":\"0\",\"source\":\"https:\\\/\\\/gadrosaflorida.gob.ec\\\/sucumbios\\\/wp-content\\\/uploads\\\/2024\\\/07\\\/MEJORAMIENTO-GENETICO.pdf\",\"wpOptions\":\"true\"}; if(window.DFLIP && window.DFLIP.parseBooks){window.DFLIP.parseBooks();}<\/script>\t\t<\/p>\n<h2>PROYECTOS 2021<\/h2>\n<div class=\"_df_thumb \" id=\"df_122123\"  _slug=\"proyecto-turistico-la-isla\" data-title=\"proyecto-turistico-la-isla\" wpoptions=\"true\" thumb=\"https:\/\/gadrosaflorida.gob.ec\/sucumbios\/wp-content\/uploads\/2021\/08\/Proyecto-Rosa-Florida-_001.png\" thumbtype=\"\" >PROYECTO TURISTICO LA ISLA<\/div><script class=\"df-shortcode-script\" nowprocket type=\"application\/javascript\">window.option_df_122123 = {\"outline\":[],\"autoEnableOutline\":\"false\",\"autoEnableThumbnail\":\"false\",\"overwritePDFOutline\":\"false\",\"direction\":\"1\",\"pageSize\":\"0\",\"source\":\"https:\\\/\\\/gadrosaflorida.gob.ec\\\/sucumbios\\\/wp-content\\\/uploads\\\/2024\\\/07\\\/PROYECTO-TURISTICO-LA-ISLA.pdf\",\"wpOptions\":\"true\"}; if(window.DFLIP && window.DFLIP.parseBooks){window.DFLIP.parseBooks();}<\/script><div class=\"_df_thumb \" id=\"df_122119\"  _slug=\"proyecto-tuberia-chatarra-2021\" data-title=\"proyecto-tuberia-chatarra-2021\" wpoptions=\"true\" thumb=\"https:\/\/gadrosaflorida.gob.ec\/sucumbios\/wp-content\/uploads\/2022\/03\/cancha.png\" thumbtype=\"\" >PROYECTO TUBERIA CHATARRA 2021<\/div><script class=\"df-shortcode-script\" nowprocket type=\"application\/javascript\">window.option_df_122119 = {\"outline\":[],\"autoEnableOutline\":\"false\",\"autoEnableThumbnail\":\"false\",\"overwritePDFOutline\":\"false\",\"direction\":\"1\",\"pageSize\":\"0\",\"source\":\"https:\\\/\\\/gadrosaflorida.gob.ec\\\/sucumbios\\\/wp-content\\\/uploads\\\/2024\\\/07\\\/PROYECTO-ADQUISISCION-DE-TUBERIA-GAD-ROSA-FLORIDA-2021.pdf\",\"wpOptions\":\"true\"}; if(window.DFLIP && window.DFLIP.parseBooks){window.DFLIP.parseBooks();}<\/script><div class=\"_df_thumb \" id=\"df_122131\"  _slug=\"proyecto-desmalezadoras-rosa-florida\" data-title=\"proyecto-desmalezadoras-rosa-florida\" wpoptions=\"true\" thumb=\"https:\/\/gadrosaflorida.gob.ec\/sucumbios\/wp-content\/uploads\/2021\/01\/PROYECTO-DESMALEZADORAS-ROSA-FLORIDA-41-SOCIOS-21-01-2021_001.png\" thumbtype=\"\" >PROYECTO DESMALEZADORAS ROSA FLORIDA<\/div><script class=\"df-shortcode-script\" nowprocket type=\"application\/javascript\">window.option_df_122131 = {\"outline\":[],\"autoEnableOutline\":\"false\",\"autoEnableThumbnail\":\"false\",\"overwritePDFOutline\":\"false\",\"direction\":\"1\",\"pageSize\":\"0\",\"source\":\"https:\\\/\\\/gadrosaflorida.gob.ec\\\/sucumbios\\\/wp-content\\\/uploads\\\/2024\\\/07\\\/Proyecto-Fomento-Agropecuario-Comercial-Rosa-Florida-2021-1-1.pdf\",\"wpOptions\":\"true\"}; if(window.DFLIP && window.DFLIP.parseBooks){window.DFLIP.parseBooks();}<\/script><div class=\"_df_thumb \" id=\"df_122076\"  _slug=\"proyecto-en-convenio-con-la-stctea\" data-title=\"proyecto-en-convenio-con-la-stctea\" wpoptions=\"true\" thumb=\"https:\/\/gadrosaflorida.gob.ec\/sucumbios\/wp-content\/uploads\/2021\/08\/Proyecto-Fomento-Agropecuario-Comercial-Rosa-Florida-2021_001.png\" thumbtype=\"\" >PROYECTO EN CONVENIO CON LA STCTEA<\/div><script class=\"df-shortcode-script\" nowprocket type=\"application\/javascript\">window.option_df_122076 = {\"outline\":[],\"autoEnableOutline\":\"false\",\"autoEnableThumbnail\":\"false\",\"overwritePDFOutline\":\"false\",\"direction\":\"1\",\"pageSize\":\"0\",\"source\":\"https:\\\/\\\/gadrosaflorida.gob.ec\\\/sucumbios\\\/wp-content\\\/uploads\\\/2024\\\/07\\\/Proyecto-Fomento-Agropecuario-Comercial-Rosa-Florida-2021-1.pdf\",\"wpOptions\":\"true\"}; if(window.DFLIP && window.DFLIP.parseBooks){window.DFLIP.parseBooks();}<\/script><div class=\"_df_thumb \" id=\"df_122113\"  _slug=\"122113\" data-title=\"proyecto-invernaderos\" wpoptions=\"true\" thumb=\"https:\/\/gadrosaflorida.gob.ec\/sucumbios\/wp-content\/uploads\/2022\/04\/PROYECTO-INVERNADEROS_001.jpg\" thumbtype=\"\" >PROYECTO INVERNADEROS<\/div><script class=\"df-shortcode-script\" nowprocket type=\"application\/javascript\">window.option_df_122113 = {\"outline\":[],\"autoEnableOutline\":\"false\",\"autoEnableThumbnail\":\"false\",\"overwritePDFOutline\":\"false\",\"direction\":\"1\",\"pageSize\":\"0\",\"source\":\"https:\\\/\\\/gadrosaflorida.gob.ec\\\/sucumbios\\\/wp-content\\\/uploads\\\/2024\\\/07\\\/PROYECTO-INVERNADEROS.pdf\",\"wpOptions\":\"true\"}; if(window.DFLIP && window.DFLIP.parseBooks){window.DFLIP.parseBooks();}<\/script>\t\t<\/p>\n<h2>PROYECTOS 2020<\/h2>\n<div class=\"_df_thumb \" id=\"df_122137\"  _slug=\"proyecto-fomento-agropecuario-para-la-seguridad-alimentaria\" data-title=\"proyecto-fomento-agropecuario-para-la-seguridad-alimentaria\" wpoptions=\"true\" thumb=\"https:\/\/gadrosaflorida.gob.ec\/sucumbios\/wp-content\/uploads\/2021\/03\/Fomento-Agropecuario-para-la-seguridad-alimentaria-de-la-parroquia-rural-Rosa-Florida-del-cant\u00f3n-Sucumb\u00edos-de-la-provincia-de-Sucumb\u00edos_001.png\" thumbtype=\"\" >PROYECTO FOMENTO AGROPECUARIO PARA LA SEGURIDAD ALIMENTARIA<\/div><script class=\"df-shortcode-script\" nowprocket type=\"application\/javascript\">window.option_df_122137 = {\"outline\":[],\"autoEnableOutline\":\"false\",\"autoEnableThumbnail\":\"false\",\"overwritePDFOutline\":\"false\",\"direction\":\"1\",\"pageSize\":\"0\",\"source\":\"https:\\\/\\\/gadrosaflorida.gob.ec\\\/sucumbios\\\/wp-content\\\/uploads\\\/2024\\\/07\\\/PROYECTO-FOMENTO-AGROPECUARIO-PARA-LA-SEGURIDAD-ALIMENTARIA.pdf\",\"wpOptions\":\"true\"}; if(window.DFLIP && window.DFLIP.parseBooks){window.DFLIP.parseBooks();}<\/script><div class=\"_df_thumb \" id=\"df_122176\"  _slug=\"apoyo-al-sector-vulnerable\" data-title=\"apoyo-al-sector-vulnerable\" wpoptions=\"true\" thumb=\"https:\/\/gadrosaflorida.gob.ec\/sucumbios\/wp-content\/uploads\/2024\/07\/APOYO-AL-SECTOR-VULNERABLE.png\" thumbtype=\"\" >APOYO AL SECTOR VULNERABLE<\/div><script class=\"df-shortcode-script\" nowprocket type=\"application\/javascript\">window.option_df_122176 = {\"outline\":[],\"autoEnableOutline\":\"false\",\"autoEnableThumbnail\":\"false\",\"overwritePDFOutline\":\"false\",\"direction\":\"1\",\"pageSize\":\"0\",\"source\":\"https:\\\/\\\/gadrosaflorida.gob.ec\\\/sucumbios\\\/wp-content\\\/uploads\\\/2024\\\/07\\\/APOYO-AL-SECTOR-VULNERABLE.pdf\",\"wpOptions\":\"true\"}; if(window.DFLIP && window.DFLIP.parseBooks){window.DFLIP.parseBooks();}<\/script><div class=\"_df_thumb \" id=\"df_122181\"  _slug=\"122181\" data-title=\"\" wpoptions=\"true\" thumb=\"https:\/\/gadrosaflorida.gob.ec\/sucumbios\/wp-content\/uploads\/2024\/07\/CONMEMORACIONES-ANCESTRALES-Y-DE-CULTURA.png\" thumbtype=\"\" >Open Book<\/div><script class=\"df-shortcode-script\" nowprocket type=\"application\/javascript\">window.option_df_122181 = {\"outline\":[],\"autoEnableOutline\":\"false\",\"autoEnableThumbnail\":\"false\",\"overwritePDFOutline\":\"false\",\"direction\":\"1\",\"pageSize\":\"0\",\"source\":\"https:\\\/\\\/gadrosaflorida.gob.ec\\\/sucumbios\\\/wp-content\\\/uploads\\\/2024\\\/07\\\/CONMEMORACIONES-ANCESTRALES-Y-DE-CULTURA.pdf\",\"wpOptions\":\"true\"}; if(window.DFLIP && window.DFLIP.parseBooks){window.DFLIP.parseBooks();}<\/script><div class=\"_df_thumb \" id=\"df_122187\"  _slug=\"adquisicion-de-toretes-de-ganado\" data-title=\"adquisicion-de-toretes-de-ganado\" wpoptions=\"true\" thumb=\"https:\/\/gadrosaflorida.gob.ec\/sucumbios\/wp-content\/uploads\/2024\/07\/ADQUISICION-DE-TORETES-DE-GANADO.png\" thumbtype=\"\" >ADQUISICION DE TORETES DE GANADO<\/div><script class=\"df-shortcode-script\" nowprocket type=\"application\/javascript\">window.option_df_122187 = {\"outline\":[],\"autoEnableOutline\":\"false\",\"autoEnableThumbnail\":\"false\",\"overwritePDFOutline\":\"false\",\"direction\":\"1\",\"pageSize\":\"0\",\"source\":\"https:\\\/\\\/gadrosaflorida.gob.ec\\\/sucumbios\\\/wp-content\\\/uploads\\\/2024\\\/07\\\/ADQUISICION-DE-TORETES-DE-GANADO.pdf\",\"wpOptions\":\"true\"}; if(window.DFLIP && window.DFLIP.parseBooks){window.DFLIP.parseBooks();}<\/script>\t\t<\/p>\n<h2>PROYECTOS 2019<\/h2>\n<div class=\"_df_thumb \" id=\"df_122193\"  _slug=\"apoyo-al-sector-vulnerable-2019\" data-title=\"apoyo-al-sector-vulnerable-2019\" wpoptions=\"true\" thumb=\"https:\/\/gadrosaflorida.gob.ec\/sucumbios\/wp-content\/uploads\/2024\/07\/APOYO-AL-SECTOR-VULNERABLE-2019.png\" thumbtype=\"\" >APOYO AL SECTOR VULNERABLE 2019<\/div><script class=\"df-shortcode-script\" nowprocket type=\"application\/javascript\">window.option_df_122193 = {\"outline\":[],\"autoEnableOutline\":\"false\",\"autoEnableThumbnail\":\"false\",\"overwritePDFOutline\":\"false\",\"direction\":\"1\",\"pageSize\":\"0\",\"source\":\"https:\\\/\\\/gadrosaflorida.gob.ec\\\/sucumbios\\\/wp-content\\\/uploads\\\/2024\\\/07\\\/APOYO-AL-SECTOR-VULNERABLE-2019.pdf\",\"wpOptions\":\"true\"}; if(window.DFLIP && window.DFLIP.parseBooks){window.DFLIP.parseBooks();}<\/script><div class=\"_df_thumb \" id=\"df_122199\"  _slug=\"seguridad-alimentaria-para-la-parroquia\" data-title=\"seguridad-alimentaria-para-la-parroquia\" wpoptions=\"true\" thumb=\"https:\/\/gadrosaflorida.gob.ec\/sucumbios\/wp-content\/uploads\/2024\/07\/SEGURIDAD-ALIMENTARIA-PARA-LA-PARROQUIA.png\" thumbtype=\"\" >SEGURIDAD ALIMENTARIA PARA LA PARROQUIA<\/div><script class=\"df-shortcode-script\" nowprocket type=\"application\/javascript\">window.option_df_122199 = {\"outline\":[],\"autoEnableOutline\":\"false\",\"autoEnableThumbnail\":\"false\",\"overwritePDFOutline\":\"false\",\"direction\":\"1\",\"pageSize\":\"0\",\"source\":\"https:\\\/\\\/gadrosaflorida.gob.ec\\\/sucumbios\\\/wp-content\\\/uploads\\\/2024\\\/07\\\/SEGURIDAD-ALIMENTARIA-PARA-LA-PARROQUIA.pdf\",\"wpOptions\":\"true\"}; if(window.DFLIP && window.DFLIP.parseBooks){window.DFLIP.parseBooks();}<\/script>\n","protected":false},"excerpt":{"rendered":"<p>PROYECTOS 2024 PROYECTO 2023 PROYECTOS 2022 PROYECTOS 2021 PROYECTOS 2020 PROYECTOS 2019<\/p>\n","protected":false},"author":5,"featured_media":2165,"parent":798,"menu_order":0,"comment_status":"closed","ping_status":"closed","template":"","meta":{"footnotes":""},"yst_prominent_words":[520,759,616,614,589,615,772,606,643,129,127,363,362,587,516,802,68,585,588,801],"class_list":["post-2164","page","type-page","status-publish","has-post-thumbnail","hentry","post","post-with-thumbnail","post-with-thumbnail-large"],"_links":{"self":[{"href":"https:\/\/gadrosaflorida.gob.ec\/sucumbios\/wp-json\/wp\/v2\/pages\/2164","targetHints":{"allow":["GET"]}}],"collection":[{"href":"https:\/\/gadrosaflorida.gob.ec\/sucumbios\/wp-json\/wp\/v2\/pages"}],"about":[{"href":"https:\/\/gadrosaflorida.gob.ec\/sucumbios\/wp-json\/wp\/v2\/types\/page"}],"author":[{"embeddable":true,"href":"https:\/\/gadrosaflorida.gob.ec\/sucumbios\/wp-json\/wp\/v2\/users\/5"}],"replies":[{"embeddable":true,"href":"https:\/\/gadrosaflorida.gob.ec\/sucumbios\/wp-json\/wp\/v2\/comments?post=2164"}],"version-history":[{"count":77,"href":"https:\/\/gadrosaflorida.gob.ec\/sucumbios\/wp-json\/wp\/v2\/pages\/2164\/revisions"}],"predecessor-version":[{"id":122225,"href":"https:\/\/gadrosaflorida.gob.ec\/sucumbios\/wp-json\/wp\/v2\/pages\/2164\/revisions\/122225"}],"up":[{"embeddable":true,"href":"https:\/\/gadrosaflorida.gob.ec\/sucumbios\/wp-json\/wp\/v2\/pages\/798"}],"wp:featuredmedia":[{"embeddable":true,"href":"https:\/\/gadrosaflorida.gob.ec\/sucumbios\/wp-json\/wp\/v2\/media\/2165"}],"wp:attachment":[{"href":"https:\/\/gadrosaflorida.gob.ec\/sucumbios\/wp-json\/wp\/v2\/media?parent=2164"}],"wp:term":[{"taxonomy":"yst_prominent_words","embeddable":true,"href":"https:\/\/gadrosaflorida.gob.ec\/sucumbios\/wp-json\/wp\/v2\/yst_prominent_words?post=2164"}],"curies":[{"name":"wp","href":"https:\/\/api.w.org\/{rel}","templated":true}]}}