{"id":1266,"date":"2020-05-15T11:26:17","date_gmt":"2020-05-15T15:26:17","guid":{"rendered":"http:\/\/gadrosaflorida.gob.ec\/sucumbios\/?page_id=1266"},"modified":"2025-01-23T16:33:41","modified_gmt":"2025-01-23T20:33:41","slug":"convenios","status":"publish","type":"page","link":"https:\/\/gadrosaflorida.gob.ec\/sucumbios\/convenios\/","title":{"rendered":"Convenios"},"content":{"rendered":"<h1 id=\"elementor-tab-title-1501\" data-tab=\"1\" role=\"tab\" aria-controls=\"elementor-tab-content-1501\">\n\t\t\t\t\t\t\t\t\t\t\t\t<a href=\"\">CONVENIOS 2024<\/a><br \/>\n\t\t\t\t\t<\/h1>\n<p>\u00a0<\/p>\n<p><a href=\"https:\/\/drive.google.com\/file\/d\/1DEJUlY9FQwb_B3gkVmiw5Zg9yB_yaWyK\/view?usp=sharing\" target=\"_blank\" rel=\"noopener\">CONVENIO-001-2024: CONVENIO DE COOPERACION INTERISNTITUCIONAL CELEBRADO ENTRE EL GOBIERNO PROVINCIAL DE SUCUMBIOS Y EL GOBIERNO AUTONOMO DECENTRALIZADO PARROQUIAL RURAL ROSA FLORIDA\u00a0<\/a><\/p>\n<p><a href=\"https:\/\/drive.google.com\/file\/d\/1Ytgs1K8FlRFG4y4i4oVznD8uhXSunjrk\/view?usp=sharing\" target=\"_blank\" rel=\"noopener\">CONVENIO-002-2024: CONVENIO DE COOPERACION INTERINSTITUCIONAL ENTRE SUCUMBIOS SOLIDARIO Y GOBIERNO AUTONOMO DECENTRALIZADO PARROQUIAL ROSA FLORIDA, DENTRO DEL PROYECTO &#8220;ATENCION A GRUPOS PRIORITARIOS Y VULNERABLES DE LA PARROQUIA ROSA FLORIDA&#8221;<\/a><\/p>\n<p><a href=\"https:\/\/drive.google.com\/file\/d\/1s2Gtjra0GbROrxlS9j3glrmhfjKD1395\/view?usp=sharing\" target=\"_blank\" rel=\"noopener\">CONVENIO-003-2024: CONVENIO DE DELEGACION DE COMPETENCIA CONCURRENTE QUE REALIZA EL EL GOBIERNO AUTONOMO DESCENTRALIZADO PROVINCIAL DE SUCUMBIOS A FABOR DEL GOBIERNO DESCENTRALIZADO MUNICIPAL DE SUCUMBIOS ,PARA EL FOMENTO DE ACTIVIDADES\u00a0 PRODUCTIVAS Y AGROPECUARIAS QUE COMPRENDE LOS COMPONENTES AGRICOLA-FORESTAL, PECUARIO,PISCICOLA, COMERCIALIZACION E INDUSTRIALIZACION Y COMPETIVIDAD.<\/a><\/p>\n<p><a href=\"https:\/\/drive.google.com\/file\/d\/1vHdmTbXvfeOZz0ARDemxI4v3CVEils5f\/view?usp=sharing\" target=\"_blank\" rel=\"noopener\">CONVENIO-004-2024: CONVENIO DE DELEGACION DE COMPETENCIA A FAVOR DEL GOBIERNO AUTONOMO DESCENTRALIZADO PARROQUIAL RURAL ROSA FLORIDA<\/a><\/p>\n<p><a href=\"https:\/\/drive.google.com\/file\/d\/1l5XAL9BxwEqDSH6b_M0PVbgWqITuzFQp\/view?usp=sharing\" target=\"_blank\" rel=\"noopener\">CONVENIO-005-2024:CONVENIO DE COOPERACION INTERINSTITUCIONAL ENTRE EL GOBIERNO AUTONOMO DESCENTRALIZADO MUNICIPAL DEL CANTON SUCUMBIOS Y EL GOBIERNO AUTONOMO DESCENTRALIZADO PARROQUIAL RURAL DE\u00a0 &#8220;ROSA FLORIDA&#8221;.<\/a><\/p>\n<p>\u00a0<\/p>\n<h1 id=\"elementor-tab-title-1502\" data-tab=\"2\" role=\"tab\" aria-controls=\"elementor-tab-content-1502\">\n\t\t\t\t\t\t\t\t\t\t\t\t<a href=\"\">CONVENIOS 2023<\/a><br \/>\n\t\t\t\t\t<\/h1>\n<p><a href=\"https:\/\/drive.google.com\/file\/d\/1fIrXAQabLyn2m6Ot71emglLOl0kwmCIq\/view?usp=sharing\" target=\"_blank\" rel=\"noopener\">C-001-2023-01-12 CONVENIO DE COOPERACION INTERINSTITUCIONAL ENTRE EL GOBIERNO AUTONOMO DESCENTRALIZADO PARROQUIAL RURAL ROSA FLORIDA Y LA TENENCIA POLITICA DE LA PARROQUIA ROSA FLORIDA<\/a><\/p>\n<p><a href=\"https:\/\/drive.google.com\/file\/d\/17RZXi4bY7IvQNhA1M5wzzSRWxZkBetef\/view?usp=sharing\" target=\"_blank\" rel=\"noopener\">\u00a0C -002- 2023- 2023-02-03 CONVENIO DE COOPERACI\u00d3N ENTRE EL MINISTERIO DE TELECOMUNICACIONES Y DE LA \u00a0SOCIEDAD DE LA INFORMACI\u00d3N Y EL GOBIERNO AUT\u00d3NOMO DESCENTRALIZADO PARROQUIAL ROSA FLORIDA CANT\u00d3N SUCUMB\u00cdOS PROVINCIA SUCUMB\u00cdOS, PARA LA OPERACI\u00d3N Y MANTENIMIENTO DEL PUNTO DEL ENCUENTRO AMAZON\u00cdA ROSA FLORIDA<\/a><\/p>\n<p><a href=\"https:\/\/drive.google.com\/file\/d\/1SK_trb4ItRhRQsYZIGK9LvJ7dYnVJG9x\/view?usp=sharing\" target=\"_blank\" rel=\"noopener\">C-003-2023-16-02 CONVENIO DE COOPERACI\u00d3N INTERINSTITUCIONAL ENTRE SUCUMB\u00cdOS SOLIDARIO Y EL GOBIERNO AUT\u00d3NOMO DESCENTRALIZADO PARROQUIAL RURAL ROSA FLORIDA, EN BENEFICIO DE LOS ADULTOS MAYORES CON ENTREGA DE RACIONES ALIMENTICIAS.<\/a><\/p>\n<p><a href=\"https:\/\/drive.google.com\/file\/d\/1oFESNPam5n7c_dntmr60ry3olCRW0CBm\/view?usp=sharing\" target=\"_blank\" rel=\"noopener\">C-004-2023-14-09CONVENI0 DE COOPERACION INTERINSTITUCIONAL CELEBRADO ENTRE EL GOBIERNO AUTONOMO DESCENTRALIZADO DE LA PROVINCIA DE SUCUMBIOS Y EL GOBIERNO AUTONOMODESCENTRALIZADO\u00a0 PARROQUIAL RURAL ROSA FLORIDA.<\/a><\/p>\n<p><a href=\"https:\/\/drive.google.com\/file\/d\/1UOxu9LWfADGjEpEcs2qyjMRlbfsJUQQ_\/view?usp=sharing\" target=\"_blank\" rel=\"noopener\">C-005-2023-2023-22-09CONVENIO DE AMPLIACION DE PLAZO ENTRE EL GOBIERNO AUTONOMO DESCENTRALIZADO DE LA PROVINCIA DE SUCUMBIOS Y EL GOBIERNO AUTONOMO DESCENTRALIZADO PARROQUIAL RURAL\u00a0 DE ROSA FLORIDA.<\/a>\u00a0<\/p>\n<p><a href=\"https:\/\/drive.google.com\/file\/d\/1Nf5gz1kDN0aBZB5xEKm4gWzJ5CtHfZU1\/view?usp=sharing\" target=\"_blank\" rel=\"noopener\">C-006-2023-10-10 CONVENIO DE COOPERACION INTERINSTITUCIONAL Y COOPERACION INTERINSTITUCIONAL Y COMPETENCIAS CONCURRENTES ENTRE EL GOBIERNO AUTONOMO DESCENTRALIZADO PARROQUIAL DE ROSA FLORIDA.<\/a><\/p>\n<p><a href=\"https:\/\/drive.google.com\/file\/d\/1JVxYSbp5KRhyAGP45Jv-33Baq5YxOpUJ\/view?usp=sharing\" target=\"_blank\" rel=\"noopener\">C-007-2023-25-10 CONVENIO DE COOPERACION INTERINSTITUCIONAL ENTRE EL GOBIERNO AUTONOMO DESCENTRALIZADO PARROQUIAL RURAL ROSA FLORIDA Y LA TENENCIA POLITICA DE LA PARROQUIA ROSA FLORIDA<\/a><\/p>\n<p><a href=\"https:\/\/drive.google.com\/file\/d\/1bh8RoguZAf3pgMxNaYjX3jyHDrwO6YpT\/view?usp=sharing\" target=\"_blank\" rel=\"noopener\">C-008-2023-17-11 CONVENIO DE COOPERACI\u00d3N INTERINSTITUCIONAL, ENTRE EL MINISTERIO DE TRANSPORTE Y OBRAS P\u00daBLICAS CON LOS GADS DEL CANT\u00d3N GONZALO PIZARRO, SUCUMBIOS Y LOS GADS PARROQUIALES DEL CANT\u00d3N SUCUMBIOS, PARA EJECUTAR TRABAJOS DE LIMPIEZA DE DERRUMBOS Y MANTENIMIENTO PREVENTIVO Y CORRECTICO DE LA VIA ESTATAL E10, TRAMO: Y DE LUMBAQU\u00cd \u2013 LIMITE PROVINCIAL CON LA PROVINCIA DEL CARCHI (SECTOR COCHA SECA) CON UNA LONGITUD DE KM. 159.57<\/a>.<\/p>\n<p><a href=\"https:\/\/drive.google.com\/file\/d\/1VuGLOkoOEfcsropzdVRp0zLwGggugybU\/view?usp=sharing\" target=\"_blank\" rel=\"noopener\">C-009-2023- 12-05 CONVENIO DE COOPERACION INTERINSTITUCIONAL ENTRE EL GOBIERNO AUTONOMO DESCENTRALIZADO PARROQUIAL RURAL ROSA\u00a0 FLORIDA Y LA TENENCIA POLITICA DE LA PARROQUIA ROSA FLORIDA<\/a><\/p>\n<p><a href=\"https:\/\/drive.google.com\/file\/d\/1aPeAOahfBQSr0sH9Rfwme-O_W2BJS76n\/view?usp=sharing\" target=\"_blank\" rel=\"noopener\">C-010-2023-12-18 CONVENIO DE COOPERACION INTERINSTITUCIONAL ENTRE EL GOBIERNO AUTONOMO DESCENTRALIZADO PARROQUIAL RURAL ROSA FLORIDA Y LA TENENCIA POLITICA DE LA PARROQUIA ROSA FLORIDA<\/a><\/p>\n<h1 id=\"elementor-tab-title-1503\" data-tab=\"3\" role=\"tab\" aria-controls=\"elementor-tab-content-1503\">\n\t\t\t\t\t\t\t\t\t\t\t\t<a href=\"\">CONVENIOS 2022<\/a><br \/>\n\t\t\t\t\t<\/h1>\n<p><a href=\"https:\/\/drive.google.com\/file\/d\/1ZN3RLr4RAD4ZINSRTdXPy8kyN8q6TQud\/view?usp=share_link\" target=\"_blank\" rel=\"noopener\">CONVENIO DE COOPERACI\u00d3N INTERINSTITUCIONAL ENTRE EL GOBIERNO AUTONOMO DESCENTRALIZADO MUNICIPAL DEL CANTON SUCUMBIOS Y EL GOBIERNO AUTONOMO DESCENTRALIZADO PARROQUIAL RURAL DE \u201cROSA FLORIDA\u201d.09 DE NOVIEMBRE DEL 2022<\/a><\/p>\n<p><a href=\"https:\/\/drive.google.com\/file\/d\/1T-Q9MCVTaTJC1MbygPZCipjBXZ9XM8Bj\/view?usp=share_link\" target=\"_blank\" rel=\"noopener\">CONVENIO DE TRANSFERENCIA Y SEGUIMIENTO DE RECURSOS PARA LA EJECUCI\u00d3N DEL PROYECTO: \u201cFOMENTO AGROPECUARIO Y COMERCIAL DE LA PARROQUIA RURAL ROSA FLORIDA, CANT\u00d3N SUCUMB\u00cdOS DE LA PROVINCIA SUCUMB\u00cdOS\u201d.10 DEL NOVIEMBRE DEL 2022<\/a><\/p>\n<p><a href=\"https:\/\/drive.google.com\/file\/d\/1uNg_h4rit234C_DbSvAxvrg89TED7j0_\/view?usp=share_link\" target=\"_blank\" rel=\"noopener\">CONVENIO DE COOPERACI\u00d3N INTERINSTITUCIONAL ENTRE EL GOBIERNO AUTONOMO DESCENTRALIZADO MUNICIPAL DEL CANTON SUCUMBIOS Y EL GOBIERNO AUTONOMO DESCENTRALIZADO PARROQUIAL RURAL DE \u201cROSA FLORIDA\u201d.09 DE NOVIEMBRE DEL 2022<\/a><\/p>\n<p><a href=\"https:\/\/drive.google.com\/file\/d\/14v5JsJR4dOSQ4W2shCAJZ8XBcppdrwfg\/view?usp=share_link\" target=\"_blank\" rel=\"noopener\">CONVENIO DE COOPERACION INTERINSTITUCIONAL ENTRE EL GOBIERNO AUTONOMO DESCENTRALIZADO PARROQUIAL RURAL ROSA FLORIDA Y LA TENENCIA POLITICA DE LA PARROQUIA ROSA FLORIDA.07 DE NOVIEMBRE DEL 2022<\/a><\/p>\n<p><a href=\"https:\/\/drive.google.com\/file\/d\/14Gu3TO8P7oGCw14x_yhws-aX8Kskgw3G\/view?usp=share_link\" target=\"_blank\" rel=\"noopener\">ADENDA AL CONVENIO DE COOPERACI\u00d3N INTERINSTITUCIONAL Y COGESTI\u00d3N DE OBRAS ENTRE EL GOBIERNO AUTONOMO DESCENTRALIZADO MUNICIPAL DEL CANTON SUCUMB\u00cdOS Y EL GOBIERNO AUTONOMO DESCENTRALIZADO PARROQUIAL ROSA FLORIDA.21 DE OCTUBRE DE 2022<\/a><\/p>\n<p><a href=\"https:\/\/drive.google.com\/file\/d\/1ZniLCTuyU7jpxc9a82zpUqBhYcAVQdpp\/view?usp=share_link\" target=\"_blank\" rel=\"noopener\">CONVENIO DE COOPERACION INTERINSTITUCIONAL ENTRE EL GOBIERNO AUTONOMO DESCENTRALIZADO PARROQUIAL RURAL ROSA FLORIDA Y LA TENENCIA POLITICA DE LA PARROQUIA ROSA FLORIDA 04 DE OCTUBRE DE 2022<\/a><\/p>\n<p><a href=\"https:\/\/drive.google.com\/file\/d\/1fbiBRgteGfXVTlpO2dsOBh3tOacr7WCn\/view?usp=share_link\" target=\"_blank\" rel=\"noopener\">CONVENIO DE COOPERACI\u00d3N INTERINSTITUCIONAL PARA FOMENTO A LA PRODUCCI\u00d3N AGR\u00cdCOLA ENTRE EL GOBIERNO AUTONOMO DESCENTRALIZADO MUNICIPAL DE SUCUMB\u00cdOS Y EL GOBIERNO AUTONOMO PARROQUIAL DE ROSA FLORIDA.07 DE SEPTIEMBRE DE 2022<\/a><\/p>\n<p><a href=\"https:\/\/drive.google.com\/file\/d\/1bhxD5KdLBLULVAB_sl_PVA3pl4z-rTin\/view?usp=share_link\" target=\"_blank\" rel=\"noopener\">CONVENIO DE COOPERACION INTERINSTITUCIONAL ENTRE EL GOBIERNO AUTONOMO DESCENTRALIZADO PARROQUIAL RURAL ROSA FLORIDA Y LA TENENCIA POLITICA DE LA PARROQUIA ROSA FLORIDA.07 DE AGOATO DE 2022<\/a><\/p>\n<p><a href=\"https:\/\/drive.google.com\/file\/d\/1aunAmyVgo2tRceOdeICdiy8EhHkYNOCi\/view?usp=share_link\" target=\"_blank\" rel=\"noopener\">CONVENIO DE COOPERACION INTERINSTITUCIONAL.27 DE JULIO DEL 2022<\/a><\/p>\n<p><a href=\"https:\/\/drive.google.com\/file\/d\/1GC3BHo4XoeQQ1dumr_q5uwGlnrzYtFpx\/view?usp=share_link\" target=\"_blank\" rel=\"noopener\">CONVENIO DE COOPERACI\u00d3N INTERINSTITUCIONAL Y COGESTI\u00d3N DE OBRAS ENTRE EL GOBIERNO AUTONOMO DESCENTRALIZADO MUNICIPAL DEL CANTON SUCUMB\u00cdOS Y EL GOBIERNO AUTONOMO DESCENTRALIZADO PARROQUIAL ROSA FLORIDA. 03 DE MAYO DEL 2022<\/a><\/p>\n<p><a href=\"https:\/\/drive.google.com\/file\/d\/10rUh4NXtSFrb3ikUnCd6XwnfYzaymU4o\/view?usp=share_link\" target=\"_blank\" rel=\"noopener\">.ACUERDO DE COOPERACION Y AYUDA MUTUA .24 DE MARZO DEL 2022<\/a><\/p>\n<p><a href=\"https:\/\/drive.google.com\/file\/d\/1ec9KkqWOCytSJG_-OlnfzSv0F8EBxxwr\/view?usp=share_link\" target=\"_blank\" rel=\"noopener\">CONVENIO DE COOPERACI\u00d3N INTERINSTITUCIONAL ENTRE SUCUMB\u00cdOS SOLIDARIO Y EL GOBIERNO AUT\u00d3NOMO DESCENTRALIZADO PARROQUIAL RURAL ROSA FLORIDA, EN BENEFICIO DE LOS ADULTOS MAYORES CON ENTREGA DE RACIONES ALIMENTICIAS . 04DE MARZO 2022.<\/a><\/p>\n<p><a href=\"https:\/\/drive.google.com\/file\/d\/1ec9KkqWOCytSJG_-OlnfzSv0F8EBxxwr\/view?usp=share_link\" target=\"_blank\" rel=\"noopener\">CONVENIO DE COOPERACI\u00d3N INTERINSTITUCIONAL ENTRE SUCUMB\u00cdOS SOLIDARIO Y EL GOBIERNO AUT\u00d3NOMO DESCENTRALIZADO PARROQUIAL RURAL ROSA FLORIDA, EN BENEFICIO DE LOS ADULTOS MAYORES CON ENTREGA DE RACIONES ALIMENTICIAS 04 DE .MAYZO DE 2022<\/a><\/p>\n<p><a href=\"https:\/\/drive.google.com\/file\/d\/1bBda03fBLBAcAcc8dRttXqaygy4M_nPF\/view?usp=share_link\" target=\"_blank\" rel=\"noopener\">CONVENIO DE COOPERACI\u00d3N INTERINSTITUCIONAL PARA APOYO T\u00c9CNICO ENTRE EL GOBIERNO AUTONOMO DESCENTRALIZADO MUNICIPAL DE SUCUMB\u00cdOS Y EL GOBIERNO AUTONOMO PARROQUIAL DE ROSA FLORIDA.DE 24 DE FEBRERO DEL 2022<\/a><\/p>\n<h1 id=\"elementor-tab-title-1504\" data-tab=\"4\" role=\"tab\" aria-controls=\"elementor-tab-content-1504\">\n\t\t\t\t\t\t\t\t\t\t\t\t<a href=\"\">CONVENIOS 2021<\/a><br \/>\n\t\t\t\t\t<\/h1>\n<p><a href=\"https:\/\/drive.google.com\/file\/d\/16_Qq06TP5R-m6meNK1e2GiSm8oT7u2Zb\/view?usp=sharing\" target=\"_blank\" rel=\"noopener\">CONVENIO DE COOPERACION INTERISTITUCIONAL CELEBRADO ENTRE EL GOBIERNO PROVINCIAL DE SUCUMB\u00cdOS Y EL GOBIERNO AUTONOMO DESCENTRALIZADO PARROQUIAL RURAL ROSA FLORIDA PARA LA CONTRUCCION DE UN COMPLEJO TURISTICO de fecha 13 de octubre del 2021<\/a><\/p>\n<p><a href=\"https:\/\/drive.google.com\/file\/d\/1mHqa4v6S1j52XXEv4TEyeRa1J8FWZ-LB\/view?usp=sharing\" target=\"_blank\" rel=\"noopener\">CONVENIO DE COOPERACION INTERISTITUCIONAL ENTRE EL GOBIERNO AUTONOMO DESCENTRALIZADO PARROQUIAL RURAL ROSA FLORIDA Y LA LIGA DEPORTIVA CANTONA DE SUCUMB\u00cdOS de fecha 30 de agosto del 2021<\/a><\/p>\n<p><a href=\"https:\/\/drive.google.com\/file\/d\/1MJfgPTf4noKjaqvS-0RdZQfNbdCMR9xB\/view?usp=sharing\" target=\"_blank\" rel=\"noopener\">COVENIO DE COOPERACION INTERISTITUCIONAL ENTRE EL MINISTERIO DE TRANSPORTE Y OBRAS PUBLICAS Y LOS GAD PARROQUIALES Y MUNICIPAL DEL CANTON SUCUMBIOS con fecha 22 de julio del 2021<\/a><\/p>\n<p><a href=\"https:\/\/drive.google.com\/file\/d\/1rp-jEvWTdGcPj0iblQHXTt3Xa0ySnER7\/view?usp=sharing\" target=\"_blank\" rel=\"noopener\">ACTA DE FINIQUITO DEL CONVENIO INTERISTITUCIONAL ENTRE EL GOBIERNO AUTONOMO DESCENTRALIZADO PARROQUIAL RURAL ROSA FLORIDA Y EL GOBIERNO AUTONOMO DESCENTRALIZADO PROVINCIAL DE SUCUMBIOS de fecha 10 de junio del 2021<\/a><\/p>\n<p><a href=\"https:\/\/drive.google.com\/file\/d\/1-7oPre-ePyU0cb3PPq_sPTqgrrrd634z\/view?usp=sharing\" target=\"_blank\" rel=\"noopener\">CONVENIO ARA LA APERTURA Y ADMINISTRACION DE UNA CUENTA RECOLECTORA PARA EL GAD ROSA FLORIDA Firmado con fecha 07 de mayo del 2021<\/a><\/p>\n<p><a href=\"https:\/\/drive.google.com\/file\/d\/1eb8Pe_vYaBIqN8vLDV-WAj1HYrULg-Nr\/view?usp=sharing\" target=\"_blank\" rel=\"noopener\">CONVENIO DE TRANFERENCIA Y SEGUIMIENTO DE RECURSOS PARA LA EJECUCION DEL PROYECTO \u201cFOMENTO AGROPECUARIO PARA LA SEGURIDAD ALIMENTARIA DE LA PARROQUIA RURAL ROSA FLORIDA, DEL CANT\u00d3N SUCUMB\u00cdOS, DE LA PROVINCIA DE SUCUMB\u00cdOS, ENTRE LA SECRETARIA T\u00c9CNICA DE LA CIRCUMCRIPCI\u00d3N TERRITORIAL ESPECIAL AMAZ\u00d3NICA Y EL GOBIERNO AUTONOMO DESCENTRALIZADO PARROQUIAL RURAL ROSA FLORIDA Firmado con fecha 05 de marzo del 2021<\/a><\/p>\n<p><a href=\"https:\/\/drive.google.com\/file\/d\/1KrdJB-2S98Fm4T09JiH88Mdeg6lwVvFp\/view?usp=sharing\" target=\"_blank\" rel=\"noopener\">CONVENIO DE COOPERACION INTERISTITUCIONAL ENTRE SUCUMBIOS SOLIDARIO, GAD MUNICIPAL DE SUCUMBIOS , GAD PARROQUIAL RURAL ROSA FLORIDA, SANTA BARBARA Y EL PLAYON DE SAN FRANCISCO EN BENFICIO DE LOS ADULTOS MAYORES CON ENTREGA DE RACIONES ALIMENTICIAS 16 de febrero del 2021<\/a><\/p>\n<h1 id=\"elementor-tab-title-1505\" data-tab=\"5\" role=\"tab\" aria-controls=\"elementor-tab-content-1505\">\n\t\t\t\t\t\t\t\t\t\t\t\t<a href=\"\">CONVENIOS 2020<\/a><br \/>\n\t\t\t\t\t<\/h1>\n<p><a href=\"https:\/\/drive.google.com\/file\/d\/1tcBl6mQIw7tTQVFWlkUhtxK3Ev48xNWO\/view?usp=sharing\" target=\"_blank\" rel=\"noopener\">CONVENIO DE COOPERACI\u00d3N INTERISTITUCIONAL ENTRE EL GOBIERNO AUT\u00d3NOMO DESCENTRALIZADO PARROQUIAL RURAL ROSA FLORIDA Y EL COMIT\u00c9 PRO MEJORAS DE LA COMUNIDAD LA BARQUILLA, PARROQUIA DE ROSA FLORIDA PARA EL \u201cPROYECTO DE ORGANIZACI\u00d3N CIUDADANA PARA APOYO EN MINGAS COMUNITARIAS MEDIANTE LA ENTREGA DE ALIMENTOS DE PRIMERA NECESIDAD Y MATERIALES PARA LA EJECUCI\u00d3N DE TRABAJO DE BENEFICIO SOCIAL\u201d. 25 de julio del 2020<\/a><\/p>\n<p><a href=\"https:\/\/drive.google.com\/file\/d\/1tcBl6mQIw7tTQVFWlkUhtxK3Ev48xNWO\/view?usp=sharing\" target=\"_blank\" rel=\"noopener\">CONVENIO DE COOPERACI\u00d3N INTERISTITUCIONAL ENTRE EL GOBIERNO AUT\u00d3NOMO DESCENTRALIZADO PARROQUIAL RURAL ROSA FLORIDA Y EL GOBIERNO MUNICIPAL DEL CANT\u00d3N SUCUMBIOS PARA EL PROYECTO\u201cFortalecimiento Organizacional mediante la adquisici\u00f3n y dotaci\u00f3n de Terneros de ganado de la raza Brahman cruzado con Brown Swiss con la finalidad de engorde para beneficiar a 75 familias de la Parroquia Rosa Florida 04 de junio del 2020<\/a><\/p>\n<p><a href=\"https:\/\/drive.google.com\/file\/d\/1WSexbA_mtmul9EPhqe_QAtnYkJHUOvqf\/view?usp=sharing\" target=\"_blank\" rel=\"noopener\">CONVENIO DE COOPERACI\u00d3N INTERISTITUCIONAL PARA LA TRANSFERENCIA DE RECURSOS , CELEBRADO ENTRE EL GOBIERNO AUTONOMO DESCENTRALIZADO PROVINCIAL DE SUCUMBIOS Y EL GOBIERNO AUTONOMO DESCENTRALIZADO PARROQUIAL RURAL ROSA FLORIDA<\/a><\/p>\n<p><a href=\"https:\/\/drive.google.com\/file\/d\/1poVKHI00qzHI1iQfTxfkzN0bODsjJeEk\/view?usp=sharing\" target=\"_blank\" rel=\"noopener\">CONVENIO DE COOPERACI\u00d3N \u00cdNTER INSTITUCIONAL ENTRE SUCUMBIOS SOLIDARIO Y EL GOBIERNO AUT\u00d3NOMO DESCENTRALIZADO PARROQUIAL RURAL ROSA FLORIDA, EN BENEFICIO DE LOS ADULTOS MAYORES CON ENTREGA DE RACIONES ALIMENTICIAS 30 de febrero del 2020<\/a><\/p>\n<p><a href=\"https:\/\/drive.google.com\/file\/d\/1GE-2PtjPjbLzMSkdCV3N4xUie-IsayLm\/view?usp=sharing\" target=\"_blank\" rel=\"noopener\">CONVENIO DE COOPERACI\u00d3N \u00cdNTER INSTITUCIONAL ENTRE SUCUMBIOS SOLIDARIO Y GOBIERNO AUT\u00d3NOMO DESCENTRALIZADO PARROQUIAL RURAL ROSA FLORIDA, EN BENEFICIO DE LOS GRUPOS DE ATENCI\u00d3N PRIORITARIA, DENTRO DEL PROYECTO &#8220;AYUDA HUMANITARIA Y T\u00c9CNICAS A FAMILIAS PRIORITARIAS (DESASTRES NATURALES Y AYUDAS COMPLEMENTARIAS GAP)&#8221;:&#8221; 04 de febrero del 2020<\/a><\/p>\n<p>C<a href=\"https:\/\/drive.google.com\/file\/d\/1ZMFlCe2wHFCfl87rxxjZKuQ5ximWcq9X\/view?usp=sharing\" target=\"_blank\" rel=\"noopener\">ONVENIO DE DE SERVICIO DE RECAUDACION CON EL BANCO CENTRAL DEL ECUADOR Y EL GOBIERNO AUTONOMO DESCENTRALIZADO PARROQUIAL RURAL ROSA FLORIDA de fecha 15 de enero del 2020<\/a><\/p>\n<h1 id=\"elementor-tab-title-1506\" data-tab=\"6\" role=\"tab\" aria-controls=\"elementor-tab-content-1506\">\n\t\t\t\t\t\t\t\t\t\t\t\t<a href=\"\">CONVENIOS 2019<\/a><br \/>\n\t\t\t\t\t<\/h1>\n<p><a href=\"https:\/\/drive.google.com\/file\/d\/1eHvo8wngG3GZEFoXpsBmKH4duxUgCwr2\/view?usp=sharing\" target=\"_blank\" rel=\"noopener\">CONVENIO ESPEC\u00cdFICO DE COOPERACI\u00d3N INSTITUCIONAL ENTRE LA COORDINACI\u00d3N ZONAL 1 &#8211; EDUCACI\u00d3N Y EL GOBIERNO AUT\u00d3NOMO DESCENTRALIZADO PARROQUIAL RURAL \u201cROSA FLORIDA\u201d PARA EL ADECENTAMIENTO DE LAS INSTITUCIONES EDUCATIVAS \u201cNICASIO SAFADI\u201d, \u201cLA BARQUILLA\u201d Y \u201cATAHUALPA\u201d, DE LA PARROQUIA ROSA FLORIDA, CANT\u00d3N SUCUMBIOS, PROVINCIA DE SUCUMBIOS 31 de diciembre del 2019<\/a><\/p>\n<p><a href=\"https:\/\/drive.google.com\/file\/d\/1zPJXAdHEMc5XCwJnSJSbH8XhHn2j1iTj\/view?usp=sharing\" target=\"_blank\" rel=\"noopener\">CONVENIO DE COOPERACI\u00d3N INTERISTITUCIONAL ENTRE SUCUMBIOS SOLIDARIO Y EL GOBIERNO AUT\u00d3NOMO DESCENTRALIZADO PARROQUIAL RURAL ROSA FLORIDA, EN BENEFICIO DE LOS GRUPOS DE ATENCI\u00d3N PRIORITARIA MEDIANTE EL PROYECTO &#8220;RECREATE POR NUESTRO GRAN SUCUMBIOS&#8221; 30 de julio del 2019<\/a><\/p>\n","protected":false},"excerpt":{"rendered":"<p>CONVENIOS 2024 \u00a0 CONVENIO-001-2024: CONVENIO DE COOPERACION INTERISNTITUCIONAL CELEBRADO ENTRE EL GOBIERNO PROVINCIAL DE SUCUMBIOS Y EL GOBIERNO AUTONOMO DECENTRALIZADO PARROQUIAL RURAL ROSA FLORIDA\u00a0 CONVENIO-002-2024: CONVENIO DE COOPERACION INTERINSTITUCIONAL ENTRE SUCUMBIOS SOLIDARIO Y GOBIERNO AUTONOMO DECENTRALIZADO PARROQUIAL ROSA FLORIDA, DENTRO DEL PROYECTO &#8220;ATENCION A GRUPOS PRIORITARIOS Y VULNERABLES DE LA PARROQUIA ROSA FLORIDA&#8221; CONVENIO-003-2024: CONVENIO [&hellip;]<\/p>\n","protected":false},"author":5,"featured_media":1280,"parent":0,"menu_order":0,"comment_status":"closed","ping_status":"closed","template":"","meta":{"footnotes":""},"yst_prominent_words":[139,106,109,131,140,135,133,132,138,103,97,100,141,136,134,137],"class_list":["post-1266","page","type-page","status-publish","has-post-thumbnail","hentry","post","post-with-thumbnail","post-with-thumbnail-large"],"_links":{"self":[{"href":"https:\/\/gadrosaflorida.gob.ec\/sucumbios\/wp-json\/wp\/v2\/pages\/1266","targetHints":{"allow":["GET"]}}],"collection":[{"href":"https:\/\/gadrosaflorida.gob.ec\/sucumbios\/wp-json\/wp\/v2\/pages"}],"about":[{"href":"https:\/\/gadrosaflorida.gob.ec\/sucumbios\/wp-json\/wp\/v2\/types\/page"}],"author":[{"embeddable":true,"href":"https:\/\/gadrosaflorida.gob.ec\/sucumbios\/wp-json\/wp\/v2\/users\/5"}],"replies":[{"embeddable":true,"href":"https:\/\/gadrosaflorida.gob.ec\/sucumbios\/wp-json\/wp\/v2\/comments?post=1266"}],"version-history":[{"count":137,"href":"https:\/\/gadrosaflorida.gob.ec\/sucumbios\/wp-json\/wp\/v2\/pages\/1266\/revisions"}],"predecessor-version":[{"id":122366,"href":"https:\/\/gadrosaflorida.gob.ec\/sucumbios\/wp-json\/wp\/v2\/pages\/1266\/revisions\/122366"}],"wp:featuredmedia":[{"embeddable":true,"href":"https:\/\/gadrosaflorida.gob.ec\/sucumbios\/wp-json\/wp\/v2\/media\/1280"}],"wp:attachment":[{"href":"https:\/\/gadrosaflorida.gob.ec\/sucumbios\/wp-json\/wp\/v2\/media?parent=1266"}],"wp:term":[{"taxonomy":"yst_prominent_words","embeddable":true,"href":"https:\/\/gadrosaflorida.gob.ec\/sucumbios\/wp-json\/wp\/v2\/yst_prominent_words?post=1266"}],"curies":[{"name":"wp","href":"https:\/\/api.w.org\/{rel}","templated":true}]}}